))/((-2)/(-5)). Let t = 2948 - 2920. What is the highest common factor of t and u?
4
Let f be (6/(-12))/((-19)/10032). What is the greatest common factor of f and 6?
6
Let t be (22 + -35)*50/(-4)*2. Suppose -y - 3*q - 30 = -81, 5*y = -q + t. Calculate the greatest common divisor of y and 12.
6
Let f(o) = -o**2 - 13*o - 16. Let v be f(-3). Suppose 0 = -4*p + a + 82, 67 + 25 = 4*p + 4*a. Calculate the greatest common factor of p and v.
7
Let w(r) = -r**3 + 9*r**2 + 11*r - 4. Let n be w(10). Calculate the highest common factor of n and 150.
6
Suppose -3*n - 4*n = -105. Let j = 166 - 61. What is the greatest common divisor of n and j?
15
Let i = 61 - 23. Suppose -34*h - 80 = -i*h. What is the highest common factor of 8 and h?
4
Let q(m) = 19*m**3 - 1. Let d be q(1). Let v(x) = -4*x + 68. Let h be v(16). Let b be 128/21 + h/(-42). What is the highest common factor of b and d?
6
Let j(k) = -73*k + 77 + k**3 + 0*k**2 - k**2 + 71*k. Let s be j(0). Calculate the greatest common factor of s and 7.
7
Let r be (116/6)/(-1)*78/(-52). Let s = r + 66. Calculate the greatest common factor of 5 and s.
5
Let g(n) = -2*n**2 - 4*n + 12. Let r be g(-5). Let l = -6 - r. What is the greatest common divisor of 96 and l?
12
Suppose -357 = 11*p - 16*p - d, -p = 2*d - 66. Calculate the greatest common factor of 88 and p.
8
Let o(n) = -7*n - 21. Let t be o(-5). Let w(z) = z + 20. Let l be w(t). Let v = l - 6. What is the greatest common factor of 56 and v?
28
Let u = -65 - -156. Let k(h) be the second derivative of -h**3/2 + h**2/2 + 5*h. Let z be k(-4). Calculate the greatest common factor of u and z.
13
Let i = 41 + -36. Suppose -5*d - i*d = -390. What is the highest common factor of d and 13?
13
Let b(v) = -3 + v - 1 + 4. Let s be b(4). Suppose 0 = -3*u + s*m + 41, 0 = -u - 2*m + 7. Calculate the greatest common divisor of 22 and u.
11
Let i be 20/(-30) + (-22)/(-6) + -1. Calculate the highest common factor of i and 8.
2
Suppose -13 = 2*g - g. Let w(q) = 4*q - 17. Let v(o) = -5*o + 19. Let h(d) = 5*v(d) + 6*w(d). Let f be h(g). Calculate the greatest common factor of f and 42.
6
Suppose 3*n + 20 = 4*q + 198, 0 = 4*n + 3*q - 204. Suppose -4*f + 57 + 51 = 0. Calculate the greatest common divisor of n and f.
27
Suppose 0 = -q - 3*z - 6 - 15, q + z + 17 = 0. Let y be ((-216)/q)/((-2)/(-15)). Let s = y + -52. What is the greatest common divisor of 8 and s?
8
Suppose -63 + 33 = -2*h. Let r = -35 + 50. Calculate the highest common divisor of h and r.
15
Let m(v) = 7*v + 96. Let q be m(-6). Calculate the greatest common divisor of 486 and q.
54
Let a(j) = -5*j - 19. Let s(o) = 11*o + 37. Let l(y) = -13*a(y) - 6*s(y). Let c be l(14). Calculate the highest common factor of c and 33.
11
Let h be (-2)/(-19) + 1812/114. What is the greatest common divisor of 11 and h?
1
Let x be 12/(-42) + (-48)/(-21). Suppose -x*p - 3 = p. Let k be 32/(5 + p - 2). What is the greatest common factor of k and 112?
16
Let z = -207 + 261. What is the highest common divisor of 135 and z?
27
Suppose 5*n - 128 - 72 = 0. Let m = n - 27. Calculate the greatest common factor of 78 and m.
13
Let k(q) = 34*q**2 - 18*q + 6. Let x be k(3). What is the highest common factor of x and 430?
86
Suppose b = -2*o + 50, -17*o = -3*b - 12*o + 95. What is the highest common factor of 580 and b?
20
Let y be (-4)/(-14) + (-1)/((-14)/(-1208)). Let l = -77 - y. Calculate the greatest common factor of l and 45.
9
Let l(r) = 2*r**2 + 32*r + 45. Let k be l(-15). What is the highest common factor of 120 and k?
15
Suppose -4*i + 639 = 3*o, i - 101 = -o + 58. What is the highest common divisor of i and 36?
18
Suppose -6 - 14 = 2*i - 4*x, 4*x = 4*i + 40. Let s be (-78)/10*(-2)/((-4)/i). Calculate the highest common factor of s and 65.
13
Let u = 147 - -1. What is the greatest common divisor of 4 and u?
4
Suppose -b + 8*n = 4*n - 1, -2*b + 20 = n. Let m = 213 + -150. What is the highest common factor of b and m?
9
Let w be (42 + (-8)/(-1))*3/2. Calculate the greatest common factor of 105 and w.
15
Suppose 3*v = -5*y - 2*v + 35, 33 = 4*y + 5*v. Suppose 2*b - 3*t - y = 0, -2*b = -2*t + 2 - 4. Let l = 164 - 160. What is the greatest common factor of b and l?
1
Let y(r) = -2*r**3 - 3*r**2 - 11*r - 13. Let c be y(-5). Calculate the greatest common factor of c and 775.
31
Let l = -18 + 27. Let y = -4 + 8. Let p(a) = 16*a - 1. Let z be p(y). What is the greatest common factor of l and z?
9
Let g(n) = 9*n + 395. Let t be g(-27). What is the highest common divisor of 171 and t?
19
Let k(f) = 0*f + 10 - 10*f + 9*f. Let c be k(0). Let o = 7 + -3. What is the greatest common factor of c and o?
2
Suppose -19 = -2*k - 3*m, -5*m - 51 - 6 = -3*k. Let g(y) = y**2 - 14*y + 1. Let t be g(k). What is the greatest common factor of t and 11?
1
Suppose 16*j - 120 - 88 = 0. Calculate the greatest common factor of 247 and j.
13
Let d(o) = o**3 + 8*o**2 + 4*o + 7. Let c be d(-6). Suppose -5*n = -5*b - 830, 16*n - 3*b = 14*n + 333. Calculate the greatest common factor of c and n.
55
Suppose 3*q - 186 = 2*r, -r = 4*q - 4*r - 249. Suppose 3*w + 4*j = 3, -2*w = -2*j - 2*j - 22. Suppose n + w = 17. What is the highest common divisor of n and q?
12
Let i(r) = -2*r**3 - 17*r**2 + 24*r + 3. Let k be i(-10). What is the greatest common factor of k and 27?
9
Let p(l) = 20*l**3 - 5*l**2 - 5*l + 6. Let o be p(1). Calculate the greatest common factor of o and 128.
16
Let h(w) = w**3 + 9*w**2 - 16*w - 24. Let m be h(-10). Suppose 3*o - r = 4*o - 40, -o = 3*r - m. Calculate the greatest common divisor of o and 42.
42
Let d be ((-3)/(-2))/((-3)/(-8)). Suppose -3*h = -2*v - 1 - 2, 4*v = -4*h + 24. Suppose 36 = v*u - 12. What is the greatest common factor of d and u?
4
Let n be 3/(-2)*28/(-21). Suppose 21*m - 75 + 12 = 0. Calculate the highest common factor of m and n.
1
Let x = -180 - -252. Suppose 5*y - 23 + 5 = -2*p, p + 4*y = 9. What is the highest common divisor of x and p?
9
Suppose -s - 4*g - 8 = 0, -2*g - 13 = -4*s - 3*g. Let k be ((-64)/(-112))/(2/7). Let o = k + s. Calculate the highest common divisor of 30 and o.
6
Let v(i) = -i**3 + 4*i**2 + 4*i + 5. Let k be v(-3). Calculate the highest common divisor of 7 and k.
7
Let m(u) = u - 7. Let s be m(-5). Suppose d + 0*d - 1 = 0, 4*j - 12535 = 5*d. Let c be 3/s - j/(-12). What is the highest common factor of 29 and c?
29
Let j be 2/(-8) - (-4488)/32. Let m(o) = o - 4. Let f be m(7). Suppose 2*k + 28 = f*k. Calculate the greatest common divisor of j and k.
28
Suppose 9*r - 7*r - 236 = 0. Let z = r - 114. Calculate the highest common divisor of z and 28.
4
Let i be 48*(3 + (-3 - 1)). Let a be -3 - 5/(15/i). Suppose -5*k + 137 + a = 0. What is the highest common divisor of k and 10?
10
Suppose -127 - 213 = -17*z. What is the greatest common divisor of z and 1180?
20
Let o(s) be the first derivative of s**2/2 - 4*s + 6. Let x be o(-4). Let i = 16 + x. What is the greatest common divisor of i and 2?
2
Let u = 69 - 45. Suppose -3*b + 2*b = u. Let o be 1 + 0 - (b + -3). Calculate the highest common divisor of 42 and o.
14
Let t be 8/2 - (6 + -4). Suppose t*x = 15 + 5. What is the greatest common factor of 25 and x?
5
Let v be 90*(32/6 + -5). Let x(w) = -2*w + 150. Let r be x(0). What is the highest common factor of r and v?
30
Let i = 44 + -41. Suppose -12*b + 81 + i = 0. Calculate the greatest common divisor of b and 63.
7
Suppose r - 6 = -b - 2*r, -4*r - 6 = -b. Suppose -4*f - 2*o + 13 = -3, 0 = -2*f + 4*o + 28. What is the highest common factor of f and b?
6
Suppose 9*a - 448 = 470. Calculate the highest common factor of 1071 and a.
51
Let b be (88/18)/22 - (-896)/18. Calculate the greatest common factor of b and 30.
10
Suppose 0 = 2*q - 58 - 32. Let y = -90 - -92. Let m be (11 - 4) + (y - 0). Calculate the highest common divisor of q and m.
9
Let i = 157 - 36. Let v(h) = 2*h - 5. Let f be v(8). Let q be (3 - 4) + 1 + f. Calculate the highest common divisor of i and q.
11
Let p(b) = b**3 - 5*b**2 + 6*b - 3. Let v be p(4). Let y be (-5115)/155*(-5)/3. What is the greatest common divisor of y and v?
5
Let z(c) = 3*c**2 - 4*c - 4. Let h be z(-6). Suppose -3*p - 80 = -5*i, -39*i + p = -44*i + 80. What is the greatest common divisor of h and i?
16
Suppose b - 19 - 7 = 0. What is the greatest common divisor of b and 4?
2
Su